65.108.235.243 - - [18/Jun/2026:14:15:56 +0200] "POST /wp-cron.php?doing_wp_cron=1781784956.3021020889282226562500 HTTP/1.1" 200 1 "-" "WordPress/7.0; https://brescia.elettroservicegroup.it"
66.249.70.1 - - [18/Jun/2026:14:15:54 +0200] "GET /?p=16840 HTTP/1.1" 404 17863 "-" "Mozilla/5.0 (Linux; Android 6.0.1; Nexus 5X Build/MMB29P) AppleWebKit/537.36 (KHTML, like Gecko) Chrome/148.0.7778.96 Mobile Safari/537.36 (compatible; Googlebot/2.1; +http://www.google.com/bot.html)"
65.108.235.243 - - [18/Jun/2026:14:18:48 +0200] "POST /wp-cron.php?doing_wp_cron=1781785128.0369739532470703125000 HTTP/1.1" 200 1 "-" "WordPress/7.0; https://brescia.elettroservicegroup.it"
66.249.70.2 - - [18/Jun/2026:14:18:45 +0200] "GET /?p=16211 HTTP/1.1" 404 17863 "-" "Mozilla/5.0 (Linux; Android 6.0.1; Nexus 5X Build/MMB29P) AppleWebKit/537.36 (KHTML, like Gecko) Chrome/148.0.7778.96 Mobile Safari/537.36 (compatible; Googlebot/2.1; +http://www.google.com/bot.html)"
186.122.104.191 - - [18/Jun/2026:14:19:56 +0200] "GET /termini-e-condizioni HTTP/1.1" 404 17882 "-" "Mozilla/5.0 (compatible; MSIE 5.0; Windows NT 5.2; Trident/5.1)"
177.93.21.32 - - [18/Jun/2026:14:19:53 +0200] "GET /informativa-privacy HTTP/1.1" 404 17885 "-" "Opera/9.12.(Windows 98; ca-AD) Presto/2.9.175 Version/11.00"
170.83.118.160 - - [18/Jun/2026:14:19:54 +0200] "GET /assistenza-frigoriferi/ HTTP/1.1" 404 17892 "-" "Mozilla/5.0 (X11; Linux x86_64; rv:1.9.7.20) Gecko/4239-09-18 15:09:14.538879 Firefox/3.8"
65.108.235.243 - - [18/Jun/2026:14:19:58 +0200] "POST /wp-cron.php?doing_wp_cron=1781785198.6785669326782226562500 HTTP/1.1" 200 1 "-" "WordPress/7.0; https://brescia.elettroservicegroup.it"
197.184.163.73 - - [18/Jun/2026:14:19:55 +0200] "GET /cookie-policy-ue/ HTTP/1.1" 404 17882 "-" "Mozilla/5.0 (compatible; MSIE 5.0; Windows 98; Win 9x 4.90; Trident/5.1)"
65.108.235.243 - - [18/Jun/2026:14:21:38 +0200] "POST /wp-cron.php?doing_wp_cron=1781785298.8336479663848876953125 HTTP/1.1" 200 1 "-" "WordPress/7.0; https://brescia.elettroservicegroup.it"
66.249.70.1 - - [18/Jun/2026:14:21:37 +0200] "GET /?p=16200 HTTP/1.1" 404 17863 "-" "Mozilla/5.0 (Linux; Android 6.0.1; Nexus 5X Build/MMB29P) AppleWebKit/537.36 (KHTML, like Gecko) Chrome/148.0.7778.96 Mobile Safari/537.36 (compatible; Googlebot/2.1; +http://www.google.com/bot.html)"
65.108.235.243 - - [18/Jun/2026:14:24:43 +0200] "POST /wp-cron.php?doing_wp_cron=1781785483.3764948844909667968750 HTTP/1.1" 200 1 "-" "WordPress/7.0; https://brescia.elettroservicegroup.it"
66.249.70.8 - - [18/Jun/2026:14:24:41 +0200] "GET /?p=15722 HTTP/1.1" 404 17863 "-" "Mozilla/5.0 (Linux; Android 6.0.1; Nexus 5X Build/MMB29P) AppleWebKit/537.36 (KHTML, like Gecko) Chrome/148.0.7778.96 Mobile Safari/537.36 (compatible; Googlebot/2.1; +http://www.google.com/bot.html)"
65.108.235.243 - - [18/Jun/2026:14:26:38 +0200] "POST /wp-cron.php?doing_wp_cron=1781785598.8779299259185791015625 HTTP/1.1" 200 1 "-" "WordPress/7.0; https://brescia.elettroservicegroup.it"
66.249.70.1 - - [18/Jun/2026:14:26:35 +0200] "GET /copertina-washing-machine-2668472_1920/ HTTP/1.1" 200 18772 "-" "Mozilla/5.0 (Linux; Android 6.0.1; Nexus 5X Build/MMB29P) AppleWebKit/537.36 (KHTML, like Gecko) Chrome/148.0.7778.96 Mobile Safari/537.36 (compatible; Googlebot/2.1; +http://www.google.com/bot.html)"
65.108.235.243 - - [18/Jun/2026:14:55:09 +0200] "POST /wp-cron.php?doing_wp_cron=1781787309.3717799186706542968750 HTTP/1.1" 200 1 "-" "WordPress/7.0; https://brescia.elettroservicegroup.it"
66.249.70.8 - - [18/Jun/2026:14:55:05 +0200] "GET /?p=15775 HTTP/1.1" 404 17863 "-" "Mozilla/5.0 (Linux; Android 6.0.1; Nexus 5X Build/MMB29P) AppleWebKit/537.36 (KHTML, like Gecko) Chrome/148.0.7778.96 Mobile Safari/537.36 (compatible; Googlebot/2.1; +http://www.google.com/bot.html)"
65.108.235.243 - - [18/Jun/2026:14:55:10 +0200] "POST /wp-json/complianz/v1/wsc-scan HTTP/1.1" 400 88 "-" "WordPress/7.0; https://brescia.elettroservicegroup.it"
65.108.235.243 - - [18/Jun/2026:15:22:24 +0200] "POST /wp-cron.php?doing_wp_cron=1781788944.3751668930053710937500 HTTP/1.1" 200 1 "-" "WordPress/7.0; https://brescia.elettroservicegroup.it"
66.249.70.8 - - [18/Jun/2026:15:22:22 +0200] "GET /?p=16024 HTTP/1.1" 404 17863 "-" "Mozilla/5.0 (Linux; Android 6.0.1; Nexus 5X Build/MMB29P) AppleWebKit/537.36 (KHTML, like Gecko) Chrome/148.0.7778.96 Mobile Safari/537.36 (compatible; Googlebot/2.1; +http://www.google.com/bot.html)"
65.108.235.243 - - [18/Jun/2026:15:55:17 +0200] "POST /wp-cron.php?doing_wp_cron=1781790917.1932840347290039062500 HTTP/1.1" 200 1 "-" "WordPress/7.0; https://brescia.elettroservicegroup.it"
66.249.70.8 - - [18/Jun/2026:15:55:13 +0200] "GET /?p=16064 HTTP/1.1" 404 17863 "-" "Mozilla/5.0 (Linux; Android 6.0.1; Nexus 5X Build/MMB29P) AppleWebKit/537.36 (KHTML, like Gecko) Chrome/148.0.7778.96 Mobile Safari/537.36 (compatible; Googlebot/2.1; +http://www.google.com/bot.html)"
65.108.235.243 - - [18/Jun/2026:15:55:18 +0200] "POST /wp-json/complianz/v1/wsc-scan HTTP/1.1" 400 88 "-" "WordPress/7.0; https://brescia.elettroservicegroup.it"
65.108.235.243 - - [18/Jun/2026:16:07:54 +0200] "POST /wp-cron.php?doing_wp_cron=1781791674.7223489284515380859375 HTTP/1.1" 200 1 "-" "WordPress/7.0; https://brescia.elettroservicegroup.it"
47.128.23.21 - - [18/Jun/2026:16:07:53 +0200] "GET /robots.txt HTTP/1.1" 403 193 "-" "Mozilla/5.0 (Linux; Android 5.0) AppleWebKit/537.36 (KHTML, like Gecko) Mobile Safari/537.36 (compatible; Bytespider; spider-feedback@bytedance.com)"
65.108.235.243 - - [18/Jun/2026:16:18:40 +0200] "POST /wp-cron.php?doing_wp_cron=1781792320.5264749526977539062500 HTTP/1.1" 200 1 "-" "WordPress/7.0; https://brescia.elettroservicegroup.it"
152.232.121.169 - - [18/Jun/2026:16:18:38 +0200] "GET /post-8-2/ HTTP/1.1" 200 18709 "-" "Mozilla/5.0 (compatible; Googlebot/2.1; +http://www.google.com/bot.html)"
84.33.224.69 - - [18/Jun/2026:16:18:54 +0200] "GET /post-10-2/ HTTP/1.1" 200 18708 "-" "Mozilla/5.0 (compatible; Googlebot/2.1; +http://www.google.com/bot.html)"
65.108.235.243 - - [18/Jun/2026:16:19:30 +0200] "POST /wp-cron.php?doing_wp_cron=1781792370.0154778957366943359375 HTTP/1.1" 200 1 "-" "WordPress/7.0; https://brescia.elettroservicegroup.it"
146.103.55.162 - - [18/Jun/2026:16:19:28 +0200] "GET /post-7-2/ HTTP/1.1" 200 18710 "-" "Mozilla/5.0 (compatible; Googlebot/2.1; +http://www.google.com/bot.html)"
45.43.93.210 - - [18/Jun/2026:16:20:01 +0200] "GET /post-3-2/ HTTP/1.1" 200 18712 "-" "Mozilla/5.0 (compatible; Googlebot/2.1; +http://www.google.com/bot.html)"
103.53.219.131 - - [18/Jun/2026:16:20:18 +0200] "GET /post-4-2/ HTTP/1.1" 200 18711 "-" "Mozilla/5.0 (compatible; Googlebot/2.1; +http://www.google.com/bot.html)"
65.108.235.243 - - [18/Jun/2026:16:20:36 +0200] "POST /wp-cron.php?doing_wp_cron=1781792436.4747700691223144531250 HTTP/1.1" 200 1 "-" "WordPress/7.0; https://brescia.elettroservicegroup.it"
136.0.207.218 - - [18/Jun/2026:16:20:34 +0200] "GET /post-9-2/ HTTP/1.1" 200 18711 "-" "Mozilla/5.0 (compatible; Googlebot/2.1; +http://www.google.com/bot.html)"
65.108.235.243 - - [18/Jun/2026:16:30:20 +0200] "POST /wp-cron.php?doing_wp_cron=1781793020.5198359489440917968750 HTTP/1.1" 200 1 "-" "WordPress/7.0; https://brescia.elettroservicegroup.it"
66.249.70.8 - - [18/Jun/2026:16:30:18 +0200] "GET /?p=16593 HTTP/1.1" 404 17863 "-" "Mozilla/5.0 (Linux; Android 6.0.1; Nexus 5X Build/MMB29P) AppleWebKit/537.36 (KHTML, like Gecko) Chrome/148.0.7778.96 Mobile Safari/537.36 (compatible; Googlebot/2.1; +http://www.google.com/bot.html)"
65.108.235.243 - - [18/Jun/2026:16:33:03 +0200] "POST /wp-cron.php?doing_wp_cron=1781793183.9798679351806640625000 HTTP/1.1" 200 1 "-" "WordPress/7.0; https://brescia.elettroservicegroup.it"
66.249.70.8 - - [18/Jun/2026:16:33:01 +0200] "GET /?p=16060 HTTP/1.1" 404 17863 "-" "Mozilla/5.0 (Linux; Android 6.0.1; Nexus 5X Build/MMB29P) AppleWebKit/537.36 (KHTML, like Gecko) Chrome/148.0.7778.96 Mobile Safari/537.36 (compatible; Googlebot/2.1; +http://www.google.com/bot.html)"
65.108.235.243 - - [18/Jun/2026:16:38:28 +0200] "POST /wp-cron.php?doing_wp_cron=1781793508.7875580787658691406250 HTTP/1.1" 200 1 "-" "WordPress/7.0; https://brescia.elettroservicegroup.it"
66.249.70.2 - - [18/Jun/2026:16:38:26 +0200] "GET /?p=16174 HTTP/1.1" 404 17863 "-" "Mozilla/5.0 (Linux; Android 6.0.1; Nexus 5X Build/MMB29P) AppleWebKit/537.36 (KHTML, like Gecko) Chrome/148.0.7778.96 Mobile Safari/537.36 (compatible; Googlebot/2.1; +http://www.google.com/bot.html)"
65.108.235.243 - - [18/Jun/2026:16:58:55 +0200] "POST /wp-cron.php?doing_wp_cron=1781794735.7734370231628417968750 HTTP/1.1" 200 1 "-" "WordPress/7.0; https://brescia.elettroservicegroup.it"
66.249.70.1 - - [18/Jun/2026:16:58:49 +0200] "GET /?p=15947 HTTP/1.1" 404 17863 "-" "Mozilla/5.0 (Linux; Android 6.0.1; Nexus 5X Build/MMB29P) AppleWebKit/537.36 (KHTML, like Gecko) Chrome/148.0.7778.96 Mobile Safari/537.36 (compatible; Googlebot/2.1; +http://www.google.com/bot.html)"
65.108.235.243 - - [18/Jun/2026:16:58:57 +0200] "POST /wp-json/complianz/v1/wsc-scan HTTP/1.1" 400 88 "-" "WordPress/7.0; https://brescia.elettroservicegroup.it"
65.108.235.243 - - [18/Jun/2026:17:05:07 +0200] "POST /wp-cron.php?doing_wp_cron=1781795107.5297710895538330078125 HTTP/1.1" 200 1 "-" "WordPress/7.0; https://brescia.elettroservicegroup.it"
66.249.70.8 - - [18/Jun/2026:17:05:05 +0200] "GET /?p=16714 HTTP/1.1" 404 17863 "-" "Mozilla/5.0 (Linux; Android 6.0.1; Nexus 5X Build/MMB29P) AppleWebKit/537.36 (KHTML, like Gecko) Chrome/148.0.7778.96 Mobile Safari/537.36 (compatible; Googlebot/2.1; +http://www.google.com/bot.html)"
65.108.235.243 - - [18/Jun/2026:18:30:14 +0200] "POST /wp-cron.php?doing_wp_cron=1781800214.6371231079101562500000 HTTP/1.1" 200 1 "-" "WordPress/7.0; https://brescia.elettroservicegroup.it"
82.24.221.138 - - [18/Jun/2026:18:30:12 +0200] "GET /cookie-policy-ue/ HTTP/1.1" 404 17882 "-" "Mozilla/5.0 (compatible; Googlebot/2.1; +http://www.google.com/bot.html)"
65.108.235.243 - - [18/Jun/2026:18:30:15 +0200] "POST /wp-json/complianz/v1/wsc-scan HTTP/1.1" 400 88 "-" "WordPress/7.0; https://brescia.elettroservicegroup.it"
65.108.235.243 - - [18/Jun/2026:18:36:20 +0200] "POST /wp-cron.php?doing_wp_cron=1781800580.1722669601440429687500 HTTP/1.1" 200 1 "-" "WordPress/7.0; https://brescia.elettroservicegroup.it"
66.249.70.1 - - [18/Jun/2026:18:36:14 +0200] "GET /robots.txt HTTP/1.1" 200 106 "-" "Mozilla/5.0 (compatible; Googlebot/2.1; +http://www.google.com/bot.html)"
66.249.70.8 - - [18/Jun/2026:18:36:20 +0200] "GET /?p=15909 HTTP/1.1" 404 17863 "-" "Mozilla/5.0 (Linux; Android 6.0.1; Nexus 5X Build/MMB29P) AppleWebKit/537.36 (KHTML, like Gecko) Chrome/148.0.7778.96 Mobile Safari/537.36 (compatible; Googlebot/2.1; +http://www.google.com/bot.html)"
65.108.235.243 - - [18/Jun/2026:19:05:21 +0200] "POST /wp-cron.php?doing_wp_cron=1781802321.1409649848937988281250 HTTP/1.1" 200 1 "-" "WordPress/7.0; https://brescia.elettroservicegroup.it"
66.249.70.1 - - [18/Jun/2026:19:05:19 +0200] "GET /?p=16378 HTTP/1.1" 404 17863 "-" "Mozilla/5.0 (Linux; Android 6.0.1; Nexus 5X Build/MMB29P) AppleWebKit/537.36 (KHTML, like Gecko) Chrome/148.0.7778.96 Mobile Safari/537.36 (compatible; Googlebot/2.1; +http://www.google.com/bot.html)"
65.108.235.243 - - [18/Jun/2026:19:29:13 +0200] "POST /wp-cron.php?doing_wp_cron=1781803753.1237010955810546875000 HTTP/1.1" 200 1 "-" "WordPress/7.0; https://brescia.elettroservicegroup.it"
66.249.70.1 - - [18/Jun/2026:19:29:11 +0200] "GET /copertina-washing-machine-2668472_1920/ HTTP/1.1" 200 18784 "-" "Mozilla/5.0 (Linux; Android 6.0.1; Nexus 5X Build/MMB29P) AppleWebKit/537.36 (KHTML, like Gecko) Chrome/148.0.7778.96 Mobile Safari/537.36 (compatible; GoogleOther)"
66.249.70.1 - - [18/Jun/2026:19:29:15 +0200] "GET /wp-content/plugins/elementor/assets/lib/eicons/css/elementor-icons.min.css?ver=5.34.0 HTTP/1.1" 200 4115 "https://brescia.elettroservicegroup.it/copertina-washing-machine-2668472_1920/" "Mozilla/5.0 (Linux; Android 6.0.1; Nexus 5X Build/MMB29P) AppleWebKit/537.36 (KHTML, like Gecko) Chrome/148.0.7778.96 Mobile Safari/537.36 (compatible; GoogleOther)"
66.249.70.8 - - [18/Jun/2026:19:29:16 +0200] "GET /wp-content/plugins/all-in-one-seo-pack/dist/Lite/assets/css/table-of-contents/global.e90f6d47.css?ver=4.9.8 HTTP/1.1" 200 420 "https://brescia.elettroservicegroup.it/copertina-washing-machine-2668472_1920/" "Mozilla/5.0 (Linux; Android 6.0.1; Nexus 5X Build/MMB29P) AppleWebKit/537.36 (KHTML, like Gecko) Chrome/148.0.7778.96 Mobile Safari/537.36 (compatible; GoogleOther)"
66.249.70.8 - - [18/Jun/2026:19:29:16 +0200] "GET /wp-content/plugins/complianz-gdpr-premium/assets/css/cookieblocker.min.css?ver=1780704000 HTTP/1.1" 200 615 "https://brescia.elettroservicegroup.it/copertina-washing-machine-2668472_1920/" "Mozilla/5.0 (Linux; Android 6.0.1; Nexus 5X Build/MMB29P) AppleWebKit/537.36 (KHTML, like Gecko) Chrome/148.0.7778.96 Mobile Safari/537.36 (compatible; GoogleOther)"
66.249.70.8 - - [18/Jun/2026:19:29:17 +0200] "GET /wp-content/plugins/elementor/assets/css/widget-icon-list.min.css?ver=3.24.3 HTTP/1.1" 200 928 "https://brescia.elettroservicegroup.it/copertina-washing-machine-2668472_1920/" "Mozilla/5.0 (Linux; Android 6.0.1; Nexus 5X Build/MMB29P) AppleWebKit/537.36 (KHTML, like Gecko) Chrome/148.0.7778.96 Mobile Safari/537.36 (compatible; GoogleOther)"
66.249.70.8 - - [18/Jun/2026:19:29:17 +0200] "GET /wp-content/plugins/wpfront-notification-bar/js/wpfront-notification-bar.min.js?ver=3.5.1.05102 HTTP/1.1" 200 1497 "https://brescia.elettroservicegroup.it/copertina-washing-machine-2668472_1920/" "Mozilla/5.0 (Linux; Android 6.0.1; Nexus 5X Build/MMB29P) AppleWebKit/537.36 (KHTML, like Gecko) Chrome/148.0.7778.96 Mobile Safari/537.36 (compatible; GoogleOther)"
66.249.70.8 - - [18/Jun/2026:19:29:18 +0200] "GET /wp-content/plugins/complianz-gdpr-premium/cookiebanner/js/complianz.min.js?ver=1780704000 HTTP/1.1" 200 10762 "https://brescia.elettroservicegroup.it/copertina-washing-machine-2668472_1920/" "Mozilla/5.0 (Linux; Android 6.0.1; Nexus 5X Build/MMB29P) AppleWebKit/537.36 (KHTML, like Gecko) Chrome/148.0.7778.96 Mobile Safari/537.36 (compatible; GoogleOther)"
66.249.70.1 - - [18/Jun/2026:19:29:18 +0200] "GET /wp-json/complianz/v1/banner?lang=it&locale=it_IT&token=elxap HTTP/1.1" 200 81 "https://brescia.elettroservicegroup.it/copertina-washing-machine-2668472_1920/" "Mozilla/5.0 (Linux; Android 6.0.1; Nexus 5X Build/MMB29P) AppleWebKit/537.36 (KHTML, like Gecko) Chrome/148.0.7778.96 Mobile Safari/537.36 (compatible; GoogleOther)"
65.108.235.243 - - [18/Jun/2026:19:47:54 +0200] "POST /wp-cron.php?doing_wp_cron=1781804874.4561970233917236328125 HTTP/1.1" 200 1 "-" "WordPress/7.0; https://brescia.elettroservicegroup.it"
159.146.41.144 - - [18/Jun/2026:19:47:49 +0200] "POST /wp-login.php HTTP/1.1" 200 9467 "https://brescia.elettroservicegroup.it/wp-admin/" "Mozilla/5.0 (Windows NT 10.0; Win64; x64) AppleWebKit/537.36"
159.146.41.144 - - [18/Jun/2026:19:47:54 +0200] "GET /wp-admin/ HTTP/1.1" 302 - "www.google.com" "Mozilla/5.0 (Windows NT 10.0; Win64; x64) AppleWebKit/537.36"
159.146.41.144 - - [18/Jun/2026:19:47:54 +0200] "GET /wp-login.php?redirect_to=https%3A%2F%2Fbrescia.elettroservicegroup.it%2Fwp-admin%2F&reauth=1 HTTP/1.1" 200 9147 "www.google.com" "Mozilla/5.0 (Windows NT 10.0; Win64; x64) AppleWebKit/537.36"
65.108.235.243 - - [18/Jun/2026:19:47:55 +0200] "POST /wp-json/complianz/v1/wsc-scan HTTP/1.1" 400 88 "-" "WordPress/7.0; https://brescia.elettroservicegroup.it"
65.108.235.243 - - [18/Jun/2026:19:51:37 +0200] "POST /wp-cron.php?doing_wp_cron=1781805097.3671600818634033203125 HTTP/1.1" 200 1 "-" "WordPress/7.0; https://brescia.elettroservicegroup.it"
66.249.70.1 - - [18/Jun/2026:19:51:35 +0200] "GET /addl-sitemap.xml HTTP/1.1" 200 370 "-" "Mozilla/5.0 (compatible; Googlebot/2.1; +http://www.google.com/bot.html)"
65.108.235.243 - - [18/Jun/2026:19:56:45 +0200] "POST /wp-cron.php?doing_wp_cron=1781805405.8851830959320068359375 HTTP/1.1" 200 1 "-" "WordPress/7.0; https://brescia.elettroservicegroup.it"
66.249.70.8 - - [18/Jun/2026:19:56:43 +0200] "GET /?p=16317 HTTP/1.1" 404 17863 "-" "Mozilla/5.0 (Linux; Android 6.0.1; Nexus 5X Build/MMB29P) AppleWebKit/537.36 (KHTML, like Gecko) Chrome/148.0.7778.96 Mobile Safari/537.36 (compatible; Googlebot/2.1; +http://www.google.com/bot.html)"
65.108.235.243 - - [18/Jun/2026:20:02:05 +0200] "POST /wp-cron.php?doing_wp_cron=1781805725.3087189197540283203125 HTTP/1.1" 200 1 "-" "WordPress/7.0; https://brescia.elettroservicegroup.it"
66.249.70.8 - - [18/Jun/2026:20:02:03 +0200] "GET /?p=16489 HTTP/1.1" 404 17863 "-" "Mozilla/5.0 (Linux; Android 6.0.1; Nexus 5X Build/MMB29P) AppleWebKit/537.36 (KHTML, like Gecko) Chrome/148.0.7778.96 Mobile Safari/537.36 (compatible; Googlebot/2.1; +http://www.google.com/bot.html)"
65.108.235.243 - - [18/Jun/2026:20:17:25 +0200] "POST /wp-cron.php?doing_wp_cron=1781806645.6446421146392822265625 HTTP/1.1" 200 1 "-" "WordPress/7.0; https://brescia.elettroservicegroup.it"
66.249.70.1 - - [18/Jun/2026:20:17:23 +0200] "GET /?p=15749 HTTP/1.1" 404 17863 "-" "Mozilla/5.0 (Linux; Android 6.0.1; Nexus 5X Build/MMB29P) AppleWebKit/537.36 (KHTML, like Gecko) Chrome/148.0.7778.96 Mobile Safari/537.36 (compatible; Googlebot/2.1; +http://www.google.com/bot.html)"
65.108.235.243 - - [18/Jun/2026:20:21:00 +0200] "POST /wp-cron.php?doing_wp_cron=1781806860.3203759193420410156250 HTTP/1.1" 200 1 "-" "WordPress/7.0; https://brescia.elettroservicegroup.it"
27.46.69.6 - - [18/Jun/2026:20:20:58 +0200] "GET /robots.txt HTTP/1.1" 200 193 "-" "Mozilla/5.0 (Windows NT 10.0; WOW64) AppleWebKit/537.36 (KHTML, like Gecko) Chrome/73.0.3423.73 Safari/537.36 QIHU 360SE"
65.108.235.243 - - [18/Jun/2026:20:56:38 +0200] "POST /wp-cron.php?doing_wp_cron=1781808998.9815530776977539062500 HTTP/1.1" 200 1 "-" "WordPress/7.0; https://brescia.elettroservicegroup.it"
66.249.70.1 - - [18/Jun/2026:20:56:36 +0200] "GET /?p=15680 HTTP/1.1" 404 17863 "-" "Mozilla/5.0 (Linux; Android 6.0.1; Nexus 5X Build/MMB29P) AppleWebKit/537.36 (KHTML, like Gecko) Chrome/148.0.7778.96 Mobile Safari/537.36 (compatible; Googlebot/2.1; +http://www.google.com/bot.html)"
65.108.235.243 - - [18/Jun/2026:20:56:40 +0200] "POST /wp-json/complianz/v1/wsc-scan HTTP/1.1" 400 88 "-" "WordPress/7.0; https://brescia.elettroservicegroup.it"
65.108.235.243 - - [18/Jun/2026:21:10:58 +0200] "POST /wp-cron.php?doing_wp_cron=1781809858.7901270389556884765625 HTTP/1.1" 200 1 "-" "WordPress/7.0; https://brescia.elettroservicegroup.it"
66.249.70.2 - - [18/Jun/2026:21:10:56 +0200] "GET /?p=16725 HTTP/1.1" 404 17863 "-" "Mozilla/5.0 (Linux; Android 6.0.1; Nexus 5X Build/MMB29P) AppleWebKit/537.36 (KHTML, like Gecko) Chrome/148.0.7778.96 Mobile Safari/537.36 (compatible; Googlebot/2.1; +http://www.google.com/bot.html)"
65.108.235.243 - - [18/Jun/2026:21:11:35 +0200] "POST /wp-cron.php?doing_wp_cron=1781809895.6930680274963378906250 HTTP/1.1" 200 1 "-" "WordPress/7.0; https://brescia.elettroservicegroup.it"
104.210.140.128 - - [18/Jun/2026:21:11:34 +0200] "GET /robots.txt HTTP/2.0" 200 106 "-" "Mozilla/5.0 (Macintosh; Intel Mac OS X 10_15_7) AppleWebKit/537.36 (KHTML, like Gecko) Chrome/131.0.0.0 Safari/537.36; compatible; OAI-SearchBot/1.0; +https://openai.com/searchbot"
65.108.235.243 - - [18/Jun/2026:22:19:07 +0200] "POST /wp-cron.php?doing_wp_cron=1781813947.0836670398712158203125 HTTP/1.1" 200 1 "-" "WordPress/7.0; https://brescia.elettroservicegroup.it"
66.249.70.1 - - [18/Jun/2026:22:19:00 +0200] "GET /?p=16012 HTTP/1.1" 404 17863 "-" "Mozilla/5.0 (Linux; Android 6.0.1; Nexus 5X Build/MMB29P) AppleWebKit/537.36 (KHTML, like Gecko) Chrome/148.0.7778.96 Mobile Safari/537.36 (compatible; Googlebot/2.1; +http://www.google.com/bot.html)"
65.108.235.243 - - [18/Jun/2026:22:19:08 +0200] "POST /wp-json/complianz/v1/wsc-scan HTTP/1.1" 400 88 "-" "WordPress/7.0; https://brescia.elettroservicegroup.it"
65.108.235.243 - - [18/Jun/2026:22:45:16 +0200] "POST /wp-cron.php?doing_wp_cron=1781815516.4726328849792480468750 HTTP/1.1" 200 1 "-" "WordPress/7.0; https://brescia.elettroservicegroup.it"
66.249.70.8 - - [18/Jun/2026:22:45:08 +0200] "GET /?p=16545 HTTP/1.1" 404 17863 "-" "Mozilla/5.0 (Linux; Android 6.0.1; Nexus 5X Build/MMB29P) AppleWebKit/537.36 (KHTML, like Gecko) Chrome/148.0.7778.96 Mobile Safari/537.36 (compatible; Googlebot/2.1; +http://www.google.com/bot.html)"
65.108.235.243 - - [18/Jun/2026:22:52:35 +0200] "POST /wp-cron.php?doing_wp_cron=1781815955.0994970798492431640625 HTTP/1.1" 200 1 "-" "WordPress/7.0; https://brescia.elettroservicegroup.it"
66.249.70.2 - - [18/Jun/2026:22:52:31 +0200] "GET /?p=16697 HTTP/1.1" 404 17863 "-" "Mozilla/5.0 (Linux; Android 6.0.1; Nexus 5X Build/MMB29P) AppleWebKit/537.36 (KHTML, like Gecko) Chrome/148.0.7778.96 Mobile Safari/537.36 (compatible; Googlebot/2.1; +http://www.google.com/bot.html)"
65.108.235.243 - - [18/Jun/2026:22:55:58 +0200] "POST /wp-cron.php?doing_wp_cron=1781816158.8726069927215576171875 HTTP/1.1" 200 1 "-" "WordPress/7.0; https://brescia.elettroservicegroup.it"
66.249.70.8 - - [18/Jun/2026:22:55:53 +0200] "GET /?p=16820 HTTP/1.1" 404 17863 "-" "Mozilla/5.0 (Linux; Android 6.0.1; Nexus 5X Build/MMB29P) AppleWebKit/537.36 (KHTML, like Gecko) Chrome/148.0.7778.96 Mobile Safari/537.36 (compatible; Googlebot/2.1; +http://www.google.com/bot.html)"
65.108.235.243 - - [18/Jun/2026:23:07:52 +0200] "POST /wp-cron.php?doing_wp_cron=1781816872.8306860923767089843750 HTTP/1.1" 200 1 "-" "WordPress/7.0; https://brescia.elettroservicegroup.it"
66.249.70.2 - - [18/Jun/2026:23:07:48 +0200] "GET /?p=16062 HTTP/1.1" 404 17863 "-" "Mozilla/5.0 (Linux; Android 6.0.1; Nexus 5X Build/MMB29P) AppleWebKit/537.36 (KHTML, like Gecko) Chrome/148.0.7778.96 Mobile Safari/537.36 (compatible; Googlebot/2.1; +http://www.google.com/bot.html)"
65.108.235.243 - - [18/Jun/2026:23:20:19 +0200] "POST /wp-cron.php?doing_wp_cron=1781817619.9169859886169433593750 HTTP/1.1" 200 1 "-" "WordPress/7.0; https://brescia.elettroservicegroup.it"
66.249.70.8 - - [18/Jun/2026:23:20:18 +0200] "GET /?p=16110 HTTP/1.1" 404 17863 "-" "Mozilla/5.0 (Linux; Android 6.0.1; Nexus 5X Build/MMB29P) AppleWebKit/537.36 (KHTML, like Gecko) Chrome/148.0.7778.96 Mobile Safari/537.36 (compatible; Googlebot/2.1; +http://www.google.com/bot.html)"
65.108.235.243 - - [18/Jun/2026:23:20:20 +0200] "POST /wp-json/complianz/v1/wsc-scan HTTP/1.1" 400 88 "-" "WordPress/7.0; https://brescia.elettroservicegroup.it"
74.7.243.200 - - [18/Jun/2026:23:31:06 +0200] "GET /sitemap.xml HTTP/2.0" 415 338 "-" "Mozilla/5.0 AppleWebKit/537.36 (KHTML, like Gecko; compatible; GPTBot/1.4; +https://openai.com/gptbot)"
65.108.235.243 - - [18/Jun/2026:23:31:12 +0200] "POST /wp-cron.php?doing_wp_cron=1781818272.0781118869781494140625 HTTP/1.1" 200 1 "-" "WordPress/7.0; https://brescia.elettroservicegroup.it"
74.7.241.133 - - [18/Jun/2026:23:31:07 +0200] "GET /robots.txt HTTP/2.0" 200 106 "-" "Mozilla/5.0 (Macintosh; Intel Mac OS X 10_15_7) AppleWebKit/537.36 (KHTML, like Gecko) Chrome/131.0.0.0 Safari/537.36; compatible; OAI-SearchBot/1.4; robots.txt; +https://openai.com/searchbot"
65.108.235.243 - - [18/Jun/2026:23:33:00 +0200] "POST /wp-cron.php?doing_wp_cron=1781818380.4719619750976562500000 HTTP/1.1" 200 1 "-" "WordPress/7.0; https://brescia.elettroservicegroup.it"
74.7.243.200 - - [18/Jun/2026:23:32:57 +0200] "GET /sitemap.rss HTTP/2.0" 404 383 "-" "Mozilla/5.0 AppleWebKit/537.36 (KHTML, like Gecko; compatible; GPTBot/1.4; +https://openai.com/gptbot)"
65.108.235.243 - - [18/Jun/2026:23:44:42 +0200] "POST /wp-cron.php?doing_wp_cron=1781819082.7651700973510742187500 HTTP/1.1" 200 1 "-" "WordPress/7.0; https://brescia.elettroservicegroup.it"
66.249.70.2 - - [18/Jun/2026:23:44:40 +0200] "GET /?p=16264 HTTP/1.1" 404 17863 "-" "Mozilla/5.0 (Linux; Android 6.0.1; Nexus 5X Build/MMB29P) AppleWebKit/537.36 (KHTML, like Gecko) Chrome/148.0.7778.96 Mobile Safari/537.36 (compatible; Googlebot/2.1; +http://www.google.com/bot.html)"
65.108.235.243 - - [18/Jun/2026:23:57:22 +0200] "POST /wp-cron.php?doing_wp_cron=1781819842.9779989719390869140625 HTTP/1.1" 200 1 "-" "WordPress/7.0; https://brescia.elettroservicegroup.it"
66.249.70.1 - - [18/Jun/2026:23:57:20 +0200] "GET /assistenza-elettrodomestici-milano-3/ HTTP/1.1" 200 18768 "-" "Mozilla/5.0 (Linux; Android 6.0.1; Nexus 5X Build/MMB29P) AppleWebKit/537.36 (KHTML, like Gecko) Chrome/148.0.7778.96 Mobile Safari/537.36 (compatible; Googlebot/2.1; +http://www.google.com/bot.html)"
65.108.235.243 - - [19/Jun/2026:00:09:55 +0200] "POST /wp-cron.php?doing_wp_cron=1781820595.4077889919281005859375 HTTP/1.1" 200 1 "-" "WordPress/7.0; https://brescia.elettroservicegroup.it"
66.249.70.8 - - [19/Jun/2026:00:09:53 +0200] "GET /?p=16486 HTTP/1.1" 404 17863 "-" "Mozilla/5.0 (Linux; Android 6.0.1; Nexus 5X Build/MMB29P) AppleWebKit/537.36 (KHTML, like Gecko) Chrome/148.0.7778.96 Mobile Safari/537.36 (compatible; Googlebot/2.1; +http://www.google.com/bot.html)"
65.108.235.243 - - [19/Jun/2026:00:32:18 +0200] "POST /wp-cron.php?doing_wp_cron=1781821938.3234260082244873046875 HTTP/1.1" 200 1 "-" "WordPress/7.0; https://brescia.elettroservicegroup.it"
66.249.70.1 - - [19/Jun/2026:00:32:16 +0200] "GET /?p=15987 HTTP/1.1" 404 17863 "-" "Mozilla/5.0 (Linux; Android 6.0.1; Nexus 5X Build/MMB29P) AppleWebKit/537.36 (KHTML, like Gecko) Chrome/148.0.7778.96 Mobile Safari/537.36 (compatible; Googlebot/2.1; +http://www.google.com/bot.html)"
65.108.235.243 - - [19/Jun/2026:00:32:18 +0200] "POST /wp-json/complianz/v1/wsc-scan HTTP/1.1" 400 88 "-" "WordPress/7.0; https://brescia.elettroservicegroup.it"
65.108.235.243 - - [19/Jun/2026:00:54:23 +0200] "POST /wp-cron.php?doing_wp_cron=1781823263.5784580707550048828125 HTTP/1.1" 200 1 "-" "WordPress/7.0; https://brescia.elettroservicegroup.it"
66.249.70.1 - - [19/Jun/2026:00:54:16 +0200] "GET /?p=16231 HTTP/1.1" 404 17863 "-" "Mozilla/5.0 (Linux; Android 6.0.1; Nexus 5X Build/MMB29P) AppleWebKit/537.36 (KHTML, like Gecko) Chrome/148.0.7778.96 Mobile Safari/537.36 (compatible; Googlebot/2.1; +http://www.google.com/bot.html)"
65.108.235.243 - - [19/Jun/2026:01:14:17 +0200] "POST /wp-cron.php?doing_wp_cron=1781824457.3315711021423339843750 HTTP/1.1" 200 1 "-" "WordPress/7.0; https://brescia.elettroservicegroup.it"
66.249.70.2 - - [19/Jun/2026:01:14:15 +0200] "GET /?p=16077 HTTP/1.1" 404 17863 "-" "Mozilla/5.0 (Linux; Android 6.0.1; Nexus 5X Build/MMB29P) AppleWebKit/537.36 (KHTML, like Gecko) Chrome/148.0.7778.96 Mobile Safari/537.36 (compatible; Googlebot/2.1; +http://www.google.com/bot.html)"
103.185.20.158 - - [19/Jun/2026:01:18:54 +0200] "GET /wp-content/uploads/2021/10/cropped-cropped-cropped-logo_white_background.png HTTP/1.1" 200 38971 "https://brescia.elettroservicegroup.it/" "Mozilla/5.0 (Macintosh; Intel Mac OS X 10_14_2; rv:63.0) Gecko/20100101 Firefox/63.0"